{"id":8915,"date":"2022-03-15T13:34:38","date_gmt":"2022-03-15T12:34:38","guid":{"rendered":"https:\/\/gruene-bremen.de\/?page_id=8915"},"modified":"2023-06-01T10:26:36","modified_gmt":"2023-06-01T08:26:36","slug":"gruene-alte","status":"publish","type":"page","link":"https:\/\/wordpress44.gcms.verdigado.net\/alteseite\/partei\/gruene-alte\/","title":{"rendered":"Gr\u00fcne Alte"},"content":{"rendered":"<p>Wir sind die GR\u00dcNEN ALTEN Bremen. Wir sind die aktive Interessenvertretung alter Menschen und eine selbstst\u00e4ndige politische Organisation des Landesverbandes Bremen von B\u00dcNDNIS 90\/DIE GR\u00dcNEN.<\/p>\n<p>Wenn Sie uns, wenn Du uns kennenlernen m\u00f6chten\/m\u00f6chtest, geht das am einfachsten bei einem unserer monatlichen Treffen. Wir treffen uns etwa einmal im Monat an einem Mittwoch oder Donnerstag um 15 h in der K\u00fcche des Gr\u00fcnen B\u00fcros, Altenwall 25.<\/p>\n<p>Die tats\u00e4chlich stattfindenden Termine sind unten zu finden.<\/p>\n<p><strong>Kontakt:<\/strong> Janne M\u00fcller &#8211; <a href=\"mailto:mullerjanne239@gmail.com\" target=\"_blank\" rel=\"noopener\">mullerjanne239@gmail.com<\/a><\/p>\n<p>[wpcalendar kat=&#8220;gruene-alte&#8220;]<\/p>\n","protected":false},"excerpt":{"rendered":"<p>Wir sind die GR\u00dcNEN ALTEN Bremen. Wir sind die aktive Interessenvertretung alter Menschen und eine selbstst\u00e4ndige politische Organisation des Landesverbandes Bremen von B\u00dcNDNIS 90\/DIE GR\u00dcNEN. Wenn Sie uns, wenn Du uns kennenlernen m\u00f6chten\/m\u00f6chtest, geht das am einfachsten bei einem unserer monatlichen Treffen. Wir treffen uns etwa einmal im Monat an einem Mittwoch oder Donnerstag um&#8230;<\/p>\n","protected":false},"author":139,"featured_media":0,"parent":71,"menu_order":0,"comment_status":"closed","ping_status":"closed","template":"","meta":{"footnotes":""},"class_list":["post-8915","page","type-page","status-publish","hentry"],"_links":{"self":[{"href":"https:\/\/wordpress44.gcms.verdigado.net\/alteseite\/wp-json\/wp\/v2\/pages\/8915","targetHints":{"allow":["GET"]}}],"collection":[{"href":"https:\/\/wordpress44.gcms.verdigado.net\/alteseite\/wp-json\/wp\/v2\/pages"}],"about":[{"href":"https:\/\/wordpress44.gcms.verdigado.net\/alteseite\/wp-json\/wp\/v2\/types\/page"}],"author":[{"embeddable":true,"href":"https:\/\/wordpress44.gcms.verdigado.net\/alteseite\/wp-json\/wp\/v2\/users\/139"}],"replies":[{"embeddable":true,"href":"https:\/\/wordpress44.gcms.verdigado.net\/alteseite\/wp-json\/wp\/v2\/comments?post=8915"}],"version-history":[{"count":5,"href":"https:\/\/wordpress44.gcms.verdigado.net\/alteseite\/wp-json\/wp\/v2\/pages\/8915\/revisions"}],"predecessor-version":[{"id":13457,"href":"https:\/\/wordpress44.gcms.verdigado.net\/alteseite\/wp-json\/wp\/v2\/pages\/8915\/revisions\/13457"}],"up":[{"embeddable":true,"href":"https:\/\/wordpress44.gcms.verdigado.net\/alteseite\/wp-json\/wp\/v2\/pages\/71"}],"wp:attachment":[{"href":"https:\/\/wordpress44.gcms.verdigado.net\/alteseite\/wp-json\/wp\/v2\/media?parent=8915"}],"curies":[{"name":"wp","href":"https:\/\/api.w.org\/{rel}","templated":true}]}}

Grüne Alte

<p>Wir sind die GRÜNEN ALTEN Bremen. Wir sind die aktive Interessenvertretung alter Menschen und eine selbstständige politische Organisation des Landesverbandes Bremen von BÜNDNIS 90/DIE GRÜNEN.</p>
<p>Wenn Sie uns, wenn Du uns kennenlernen möchten/möchtest, geht das am einfachsten bei einem unserer monatlichen Treffen. Wir treffen uns etwa einmal im Monat an einem Mittwoch oder Donnerstag um 15 h in der Küche des Grünen Büros, Altenwall 25.</p>
<p>Die tatsächlich stattfindenden Termine sind unten zu finden.</p>
<p><strong>Kontakt:</strong> Janne Müller &#8211; <a href="mailto:mullerjanne239@gmail.com" target="_blank" rel="noopener">mullerjanne239@gmail.com</a></p>
<p>[wpcalendar kat=&#8220;gruene-alte&#8220;]</p>

<p>Wir sind die GRÜNEN ALTEN Bremen. Wir sind die aktive Interessenvertretung alter Menschen und eine selbstständige politische Organisation des Landesverbandes Bremen von BÜNDNIS 90/DIE GRÜNEN. Wenn Sie uns, wenn Du uns kennenlernen möchten/möchtest, geht das am einfachsten bei einem unserer monatlichen Treffen. Wir treffen uns etwa einmal im Monat an einem Mittwoch oder Donnerstag um&#8230;</p>
