{"id":79,"date":"2019-04-24T16:54:12","date_gmt":"2019-04-24T14:54:12","guid":{"rendered":"https:\/\/jkb-bremen.kunden.greenq.de\/?page_id=79"},"modified":"2023-09-20T09:33:45","modified_gmt":"2023-09-20T07:33:45","slug":"impressum","status":"publish","type":"page","link":"https:\/\/wordpress44.gcms.verdigado.net\/alteseite\/impressum\/","title":{"rendered":"Impressum"},"content":{"rendered":"<p class=\"bodytext\"><b>Dieses Internetangebot wird unterhalten von<\/b><\/p>\n<p class=\"bodytext\">B\u00dcNDNIS 90\/DIE GR\u00dcNEN, Landesverband Bremen<\/p>\n<p class=\"bodytext\">vertreten durch den<br \/>\nLandesgesch\u00e4ftsf\u00fchrerin Maike-Sophie Mittelst\u00e4dt<br \/>\nPostadresse:<br \/>\nAltenwall 25<br \/>\n28195 Bremen<br \/>\nTel.: 0421-3011-230<br \/>\nFax: 0421-3011-250<i><\/i><\/p>\n<p><b>Autoren:<br \/>\n<\/b>Maike-Sophie Mittelst\u00e4dt (Gesch\u00e4ftsf\u00fchrerin)<br \/>\nIna Schulze (Mitarbeiterin Gesch\u00e4ftsstelle &#8211; derzeit in Elternzeit)<br \/>\nUlla Tiedemann (Mitarbeiterin Gesch\u00e4ftsstelle)<br \/>\nJasper Nehms (Mitarbeiter Gesch\u00e4ftsstelle)<br \/>\nSebastian Illigens (Mitarbeiter Gesch\u00e4ftsstelle)<a><br \/>\n<\/a><\/p>\n<p class=\"bodytext\"><b>Verantwortlich gem\u00e4\u00df \u00a7 6 MDStV:<\/b><b><br \/>\n<\/b>B\u00dcNDNIS 90\/DIE GR\u00dcNEN, Landesgeschaftsstelle Bremen<b><\/b><\/p>\n<p>Maike-Sophie Mittelst\u00e4dt (V.i.S.d.P)<br \/>\nAltenwall 25<br \/>\n28195 Bremen<\/p>\n<p class=\"bodytext\">Copyright 2011, Landesverband Bremen<\/p>\n<p class=\"bodytext\">Sofern nicht anders angegeben, stehen die von uns verfassten Texte auf dieser Seite unter einer Free-Culture-Lizenz: Creative Commons (CC) BY-SA 4.0.<\/p>\n<p>Was hei\u00dft das?<br \/>\nCC-Lizenzen erm\u00f6glichen es Menschen, anderen Menschen die Nutzungsrechte an ihren Werken einzur\u00e4umen.<br \/>\nDie Optionen BY-SA bedeuten: Du darfst die Texte frei verwenden, sofern du unseren Namen nennst, mit einem Link auf die Lizenz verweist und \u00c4nderungen kenntlich machst (BY). Die Texte m\u00fcssen unter derselben Lizenz ver\u00f6ffentlicht werden (SA).<\/p>\n<p><a href=\"http:\/\/creativecommons.org\/licenses\/by-sa\/4.0\/\" target=\"_blank\" rel=\"noopener noreferrer\">creativecommons.org\/licenses\/by-sa\/4.0\/<\/a><\/p>\n","protected":false},"excerpt":{"rendered":"<p>Dieses Internetangebot wird unterhalten von B\u00dcNDNIS 90\/DIE GR\u00dcNEN, Landesverband Bremen vertreten durch den Landesgesch\u00e4ftsf\u00fchrerin Maike-Sophie Mittelst\u00e4dt Postadresse: Altenwall 25 28195 Bremen Tel.: 0421-3011-230 Fax: 0421-3011-250 Autoren: Maike-Sophie Mittelst\u00e4dt (Gesch\u00e4ftsf\u00fchrerin) Ina Schulze (Mitarbeiterin Gesch\u00e4ftsstelle &#8211; derzeit in Elternzeit) Ulla Tiedemann (Mitarbeiterin Gesch\u00e4ftsstelle) Jasper Nehms (Mitarbeiter Gesch\u00e4ftsstelle) Sebastian Illigens (Mitarbeiter Gesch\u00e4ftsstelle) Verantwortlich gem\u00e4\u00df \u00a7 6 MDStV: B\u00dcNDNIS&#8230;<\/p>\n","protected":false},"author":127,"featured_media":0,"parent":0,"menu_order":0,"comment_status":"closed","ping_status":"closed","template":"page-fullpage.php","meta":{"footnotes":""},"class_list":["post-79","page","type-page","status-publish","hentry"],"_links":{"self":[{"href":"https:\/\/wordpress44.gcms.verdigado.net\/alteseite\/wp-json\/wp\/v2\/pages\/79","targetHints":{"allow":["GET"]}}],"collection":[{"href":"https:\/\/wordpress44.gcms.verdigado.net\/alteseite\/wp-json\/wp\/v2\/pages"}],"about":[{"href":"https:\/\/wordpress44.gcms.verdigado.net\/alteseite\/wp-json\/wp\/v2\/types\/page"}],"author":[{"embeddable":true,"href":"https:\/\/wordpress44.gcms.verdigado.net\/alteseite\/wp-json\/wp\/v2\/users\/127"}],"replies":[{"embeddable":true,"href":"https:\/\/wordpress44.gcms.verdigado.net\/alteseite\/wp-json\/wp\/v2\/comments?post=79"}],"version-history":[{"count":4,"href":"https:\/\/wordpress44.gcms.verdigado.net\/alteseite\/wp-json\/wp\/v2\/pages\/79\/revisions"}],"predecessor-version":[{"id":14075,"href":"https:\/\/wordpress44.gcms.verdigado.net\/alteseite\/wp-json\/wp\/v2\/pages\/79\/revisions\/14075"}],"wp:attachment":[{"href":"https:\/\/wordpress44.gcms.verdigado.net\/alteseite\/wp-json\/wp\/v2\/media?parent=79"}],"curies":[{"name":"wp","href":"https:\/\/api.w.org\/{rel}","templated":true}]}}

<p class="bodytext"><b>Dieses Internetangebot wird unterhalten von</b></p>
<p class="bodytext">BÜNDNIS 90/DIE GRÜNEN, Landesverband Bremen</p>
<p class="bodytext">vertreten durch den<br />
Landesgeschäftsführerin Maike-Sophie Mittelstädt<br />
Postadresse:<br />
Altenwall 25<br />
28195 Bremen<br />
Tel.: 0421-3011-230<br />
Fax: 0421-3011-250<i></i></p>
<p><b>Autoren:<br />
</b>Maike-Sophie Mittelstädt (Geschäftsführerin)<br />
Ina Schulze (Mitarbeiterin Geschäftsstelle &#8211; derzeit in Elternzeit)<br />
Ulla Tiedemann (Mitarbeiterin Geschäftsstelle)<br />
Jasper Nehms (Mitarbeiter Geschäftsstelle)<br />
Sebastian Illigens (Mitarbeiter Geschäftsstelle)<a><br />
</a></p>
<p class="bodytext"><b>Verantwortlich gemäß § 6 MDStV:</b><b><br />
</b>BÜNDNIS 90/DIE GRÜNEN, Landesgeschaftsstelle Bremen<b></b></p>
<p>Maike-Sophie Mittelstädt (V.i.S.d.P)<br />
Altenwall 25<br />
28195 Bremen</p>
<p class="bodytext">Copyright 2011, Landesverband Bremen</p>
<p class="bodytext">Sofern nicht anders angegeben, stehen die von uns verfassten Texte auf dieser Seite unter einer Free-Culture-Lizenz: Creative Commons (CC) BY-SA 4.0.</p>
<p>Was heißt das?<br />
CC-Lizenzen ermöglichen es Menschen, anderen Menschen die Nutzungsrechte an ihren Werken einzuräumen.<br />
Die Optionen BY-SA bedeuten: Du darfst die Texte frei verwenden, sofern du unseren Namen nennst, mit einem Link auf die Lizenz verweist und Änderungen kenntlich machst (BY). Die Texte müssen unter derselben Lizenz veröffentlicht werden (SA).</p>
<p><a href="http://creativecommons.org/licenses/by-sa/4.0/" target="_blank" rel="noopener noreferrer">creativecommons.org/licenses/by-sa/4.0/</a></p>

<p>Dieses Internetangebot wird unterhalten von BÜNDNIS 90/DIE GRÜNEN, Landesverband Bremen vertreten durch den Landesgeschäftsführerin Maike-Sophie Mittelstädt Postadresse: Altenwall 25 28195 Bremen Tel.: 0421-3011-230 Fax: 0421-3011-250 Autoren: Maike-Sophie Mittelstädt (Geschäftsführerin) Ina Schulze (Mitarbeiterin Geschäftsstelle &#8211; derzeit in Elternzeit) Ulla Tiedemann (Mitarbeiterin Geschäftsstelle) Jasper Nehms (Mitarbeiter Geschäftsstelle) Sebastian Illigens (Mitarbeiter Geschäftsstelle) Verantwortlich gemäß § 6 MDStV: BÜNDNIS&#8230;</p>
