{"id":3412,"date":"2020-06-19T10:59:05","date_gmt":"2020-06-19T08:59:05","guid":{"rendered":"https:\/\/gruene-bremen.de\/?page_id=3412"},"modified":"2024-02-01T16:07:53","modified_gmt":"2024-02-01T15:07:53","slug":"mitglied-werden","status":"publish","type":"page","link":"https:\/\/wordpress44.gcms.verdigado.net\/alteseite\/service\/mitglied-werden\/","title":{"rendered":"Mitglied werden"},"content":{"rendered":"<p>Wir treten f\u00fcr die Demokratie ein und verteidigen unsere Werte \u2013 Klimaschutz, Zusammenhalt und Gerechtigkeit. Daf\u00fcr brauchen wir Dich! Werde jetzt Mitglied.<\/p>\n<p><span class=\"button\"><a href=\"https:\/\/gruene-bremen.de\/wp-content\/uploads\/sites\/64\/2024\/02\/AufnahmeAntragGrueneBremen_202402.pdf\" rel=\"noopener noreferrer\">Aufnahmeantrag (PDF) &#8211; Mitglied werden<\/a><\/span><\/p>\n<p>Wir haben im Moment Probleme mit der Darstellung des PDF-Formulars in Firefox, solltet ihr Firefox verwenden, rechtsklickt auf den Downloadlink zum Aufnahmenantrag und w\u00e4hlt: &#8222;Ziel Speichern unter &#8230;&#8220; dann solltet ihr den Antrag lokal bearbeiten k\u00f6nnen.<\/p>\n<div>\n<div>\n<article id=\"post-3412\" class=\"clearfix postsingle post-3412 page type-page status-publish hentry\" role=\"article\">\n<section class=\"entry-content clearfix\">Mitglieder von B\u00dcNDNIS 90\/DIE GR\u00dcNEN bezahlen gem\u00e4\u00df Satzung einen Mitgliedsbeitrag von 1% ihres Nettoeinkommens. Der zust\u00e4ndige Kreisverband ist berechtigt, auf Antrag f\u00fcr Personen mit niedrigem oder keinem Einkommen Ausnahmen zu vereinbaren (die sog. Sozialklausel).<\/section>\n<\/article>\n<\/div>\n<\/div>\n<p>F\u00fclle das Formular aus und maile oder schicke es uns zu, oder bringe es in der Landesgesch\u00e4ftsstelle vorbei. Alternativ kannst du auch \u00fcber das <a href=\"https:\/\/www.gruene.de\/mitglied-werden\" target=\"_blank\" rel=\"noopener noreferrer\">Online-Formular des Bundesverbands<\/a> Mitglied werden.<\/p>\n<p>&nbsp;<\/p>\n","protected":false},"excerpt":{"rendered":"<p>Wir treten f\u00fcr die Demokratie ein und verteidigen unsere Werte \u2013 Klimaschutz, Zusammenhalt und Gerechtigkeit. Daf\u00fcr brauchen wir Dich! Werde jetzt Mitglied. Aufnahmeantrag (PDF) &#8211; Mitglied werden Wir haben im Moment Probleme mit der Darstellung des PDF-Formulars in Firefox, solltet ihr Firefox verwenden, rechtsklickt auf den Downloadlink zum Aufnahmenantrag und w\u00e4hlt: &#8222;Ziel Speichern unter &#8230;&#8220;&#8230;<\/p>\n","protected":false},"author":127,"featured_media":0,"parent":1751,"menu_order":0,"comment_status":"closed","ping_status":"closed","template":"","meta":{"footnotes":""},"class_list":["post-3412","page","type-page","status-publish","hentry"],"_links":{"self":[{"href":"https:\/\/wordpress44.gcms.verdigado.net\/alteseite\/wp-json\/wp\/v2\/pages\/3412","targetHints":{"allow":["GET"]}}],"collection":[{"href":"https:\/\/wordpress44.gcms.verdigado.net\/alteseite\/wp-json\/wp\/v2\/pages"}],"about":[{"href":"https:\/\/wordpress44.gcms.verdigado.net\/alteseite\/wp-json\/wp\/v2\/types\/page"}],"author":[{"embeddable":true,"href":"https:\/\/wordpress44.gcms.verdigado.net\/alteseite\/wp-json\/wp\/v2\/users\/127"}],"replies":[{"embeddable":true,"href":"https:\/\/wordpress44.gcms.verdigado.net\/alteseite\/wp-json\/wp\/v2\/comments?post=3412"}],"version-history":[{"count":6,"href":"https:\/\/wordpress44.gcms.verdigado.net\/alteseite\/wp-json\/wp\/v2\/pages\/3412\/revisions"}],"predecessor-version":[{"id":14974,"href":"https:\/\/wordpress44.gcms.verdigado.net\/alteseite\/wp-json\/wp\/v2\/pages\/3412\/revisions\/14974"}],"up":[{"embeddable":true,"href":"https:\/\/wordpress44.gcms.verdigado.net\/alteseite\/wp-json\/wp\/v2\/pages\/1751"}],"wp:attachment":[{"href":"https:\/\/wordpress44.gcms.verdigado.net\/alteseite\/wp-json\/wp\/v2\/media?parent=3412"}],"curies":[{"name":"wp","href":"https:\/\/api.w.org\/{rel}","templated":true}]}}

<p>Wir treten für die Demokratie ein und verteidigen unsere Werte – Klimaschutz, Zusammenhalt und Gerechtigkeit. Dafür brauchen wir Dich! Werde jetzt Mitglied.</p>
<p><span class="button"><a href="https://gruene-bremen.de/wp-content/uploads/sites/64/2024/02/AufnahmeAntragGrueneBremen_202402.pdf" rel="noopener noreferrer">Aufnahmeantrag (PDF) &#8211; Mitglied werden</a></span></p>
<p>Wir haben im Moment Probleme mit der Darstellung des PDF-Formulars in Firefox, solltet ihr Firefox verwenden, rechtsklickt auf den Downloadlink zum Aufnahmenantrag und wählt: &#8222;Ziel Speichern unter &#8230;&#8220; dann solltet ihr den Antrag lokal bearbeiten können.</p>
<div>
<div>
<article id="post-3412" class="clearfix postsingle post-3412 page type-page status-publish hentry" role="article">
<section class="entry-content clearfix">Mitglieder von BÜNDNIS 90/DIE GRÜNEN bezahlen gemäß Satzung einen Mitgliedsbeitrag von 1% ihres Nettoeinkommens. Der zuständige Kreisverband ist berechtigt, auf Antrag für Personen mit niedrigem oder keinem Einkommen Ausnahmen zu vereinbaren (die sog. Sozialklausel).</section>
</article>
</div>
</div>
<p>Fülle das Formular aus und maile oder schicke es uns zu, oder bringe es in der Landesgeschäftsstelle vorbei. Alternativ kannst du auch über das <a href="https://www.gruene.de/mitglied-werden" target="_blank" rel="noopener noreferrer">Online-Formular des Bundesverbands</a> Mitglied werden.</p>
<p>&nbsp;</p>

<p>Wir treten für die Demokratie ein und verteidigen unsere Werte – Klimaschutz, Zusammenhalt und Gerechtigkeit. Dafür brauchen wir Dich! Werde jetzt Mitglied. Aufnahmeantrag (PDF) &#8211; Mitglied werden Wir haben im Moment Probleme mit der Darstellung des PDF-Formulars in Firefox, solltet ihr Firefox verwenden, rechtsklickt auf den Downloadlink zum Aufnahmenantrag und wählt: &#8222;Ziel Speichern unter &#8230;&#8220;&#8230;</p>
