{"id":1751,"date":"2019-09-16T11:18:16","date_gmt":"2019-09-16T09:18:16","guid":{"rendered":"https:\/\/gruene-bremen.de\/?page_id=1751"},"modified":"2023-07-28T12:31:04","modified_gmt":"2023-07-28T10:31:04","slug":"service","status":"publish","type":"page","link":"https:\/\/wordpress44.gcms.verdigado.net\/alteseite\/service\/","title":{"rendered":"Service"},"content":{"rendered":"<p><strong>Hier sind die Serviceangebote der Landesgesch\u00e4ftsstelle f\u00fcr Pressevertreter*innen, Gr\u00fcne Mitglieder und Interessierte. Neben Kontaktinformationen finden Sie hier auch die Satzungen, Formulare sowie das Bremer Wahlprogramm. <\/strong><\/p>\n<hr \/>\n<h2>Kontakt<\/h2>\n<p>Kontakte zur Gesch\u00e4ftsleitung, Pressestelle und Arbeitsgemeinschaften: Ein engagiertes Team, das den Landesverband B\u00dcNDNIS 90\/DIE GR\u00dcNEN Bremen organisiert.<strong><br \/>\n<\/strong><\/p>\n<p><span class=\"button\"><a href=\"https:\/\/gruene-bremen.de\/partei\/landesgeschaeftsstelle\/\">Adressen und Kontakte<\/a><\/span><\/p>\n<hr \/>\n<h2>Presse<\/h2>\n<p>Redakteur*innen und Journalist*innen finden hier u.a. Pressemitteilungen. Au\u00dferdem erhalten Sie hier <a href=\"https:\/\/gruene-bremen.de\/service\/presseanfragen\/\" target=\"_blank\" rel=\"noopener\">Kontaktdaten zur Partei oder der Fraktion<\/a> f\u00fcr weiterf\u00fchrende Informationen zu den aktuellen Kampagnen und Terminen von B\u00dcNDNIS 90\/DIE GR\u00dcNEN Bremen. Wir stehen Ihnen f\u00fcr Fragen gerne zur Verf\u00fcgung.<strong><br \/>\n<\/strong><\/p>\n<p><span class=\"button\"><a href=\"https:\/\/www.gruene-bremen.de\/service\/presse\/\">Kontakte<\/a><\/span> <span class=\"button\"><a href=\"https:\/\/gruene-bremen.de\/archiv\/\">Zum Pressebereich<\/a><\/span><\/p>\n<hr \/>\n<h2>Newsletter<\/h2>\n<p>Hier k\u00f6nnen Sie sich zum Newsletter anmelden. Dort bekommen Sie regelm\u00e4\u00dfig Informationen zu Parteitagen, Terminen und generelle Neuigkeiten rund um die Gr\u00fcne Partei.<\/p>\n<p><span class=\"button\"><a href=\"https:\/\/gruene-bremen.de\/partei\/newsletter\/\">Zur Anmeldung<\/a><\/span><\/p>\n<hr \/>\n<h2>Gr\u00fcne Bremen auf Social Media<\/h2>\n<p>Informationen zu uns und unseren Themen bekommst du nicht nur hier auf unserer Homepage, sondern auch in den sozialen Medien. Auf Facebook, Instagram, Twitter und Youtube teilen wir regelm\u00e4\u00dfig Beitr\u00e4ge zu unterschiedlichen Themen. Erfahre hier mehr.<\/p>\n<p><span class=\"button\"><a href=\"https:\/\/gruene-bremen.de\/gruene-bremen-auf-social-media\/\">Mehr Infos<\/a><\/span><\/p>\n<hr \/>\n<h2>Telegram-Messenger-Dienst<\/h2>\n<p>Das Team der Gr\u00fcnen Landesgesch\u00e4ftsstelle m\u00f6chte die GR\u00dcNE Community (Mitglieder und Interessierte) per Telegram-Newsletter \u00fcber aktuelle gr\u00fcne Themen, Aktionen, Kampagnen und Termine informieren. Wir Sie dem Telegram-Kanal beitreten k\u00f6nnen, erfahren Sie hier.<\/p>\n<p><span class=\"button\"><a href=\"https:\/\/gruene-bremen.de\/partei\/telegram-channel\/\">Zur Anmeldung<\/a><\/span><\/p>\n<hr \/>\n<p>&nbsp;<\/p>\n","protected":false},"excerpt":{"rendered":"<p>Hier sind die Serviceangebote der Landesgesch\u00e4ftsstelle f\u00fcr Pressevertreter*innen, Gr\u00fcne Mitglieder und Interessierte. Neben Kontaktinformationen finden Sie hier auch die Satzungen, Formulare sowie das Bremer Wahlprogramm. Kontakt Kontakte zur Gesch\u00e4ftsleitung, Pressestelle und Arbeitsgemeinschaften: Ein engagiertes Team, das den Landesverband B\u00dcNDNIS 90\/DIE GR\u00dcNEN Bremen organisiert. Adressen und Kontakte Presse Redakteur*innen und Journalist*innen finden hier u.a. Pressemitteilungen. Au\u00dferdem&#8230;<\/p>\n","protected":false},"author":127,"featured_media":0,"parent":0,"menu_order":0,"comment_status":"closed","ping_status":"closed","template":"","meta":{"footnotes":""},"class_list":["post-1751","page","type-page","status-publish","hentry"],"_links":{"self":[{"href":"https:\/\/wordpress44.gcms.verdigado.net\/alteseite\/wp-json\/wp\/v2\/pages\/1751","targetHints":{"allow":["GET"]}}],"collection":[{"href":"https:\/\/wordpress44.gcms.verdigado.net\/alteseite\/wp-json\/wp\/v2\/pages"}],"about":[{"href":"https:\/\/wordpress44.gcms.verdigado.net\/alteseite\/wp-json\/wp\/v2\/types\/page"}],"author":[{"embeddable":true,"href":"https:\/\/wordpress44.gcms.verdigado.net\/alteseite\/wp-json\/wp\/v2\/users\/127"}],"replies":[{"embeddable":true,"href":"https:\/\/wordpress44.gcms.verdigado.net\/alteseite\/wp-json\/wp\/v2\/comments?post=1751"}],"version-history":[{"count":25,"href":"https:\/\/wordpress44.gcms.verdigado.net\/alteseite\/wp-json\/wp\/v2\/pages\/1751\/revisions"}],"predecessor-version":[{"id":13777,"href":"https:\/\/wordpress44.gcms.verdigado.net\/alteseite\/wp-json\/wp\/v2\/pages\/1751\/revisions\/13777"}],"wp:attachment":[{"href":"https:\/\/wordpress44.gcms.verdigado.net\/alteseite\/wp-json\/wp\/v2\/media?parent=1751"}],"curies":[{"name":"wp","href":"https:\/\/api.w.org\/{rel}","templated":true}]}}

<p><strong>Hier sind die Serviceangebote der Landesgeschäftsstelle für Pressevertreter*innen, Grüne Mitglieder und Interessierte. Neben Kontaktinformationen finden Sie hier auch die Satzungen, Formulare sowie das Bremer Wahlprogramm. </strong></p>
<hr />
<h2>Kontakt</h2>
<p>Kontakte zur Geschäftsleitung, Pressestelle und Arbeitsgemeinschaften: Ein engagiertes Team, das den Landesverband BÜNDNIS 90/DIE GRÜNEN Bremen organisiert.<strong><br />
</strong></p>
<p><span class="button"><a href="https://gruene-bremen.de/partei/landesgeschaeftsstelle/">Adressen und Kontakte</a></span></p>
<hr />
<h2>Presse</h2>
<p>Redakteur*innen und Journalist*innen finden hier u.a. Pressemitteilungen. Außerdem erhalten Sie hier <a href="https://gruene-bremen.de/service/presseanfragen/" target="_blank" rel="noopener">Kontaktdaten zur Partei oder der Fraktion</a> für weiterführende Informationen zu den aktuellen Kampagnen und Terminen von BÜNDNIS 90/DIE GRÜNEN Bremen. Wir stehen Ihnen für Fragen gerne zur Verfügung.<strong><br />
</strong></p>
<p><span class="button"><a href="https://www.gruene-bremen.de/service/presse/">Kontakte</a></span> <span class="button"><a href="https://gruene-bremen.de/archiv/">Zum Pressebereich</a></span></p>
<hr />
<h2>Newsletter</h2>
<p>Hier können Sie sich zum Newsletter anmelden. Dort bekommen Sie regelmäßig Informationen zu Parteitagen, Terminen und generelle Neuigkeiten rund um die Grüne Partei.</p>
<p><span class="button"><a href="https://gruene-bremen.de/partei/newsletter/">Zur Anmeldung</a></span></p>
<hr />
<h2>Grüne Bremen auf Social Media</h2>
<p>Informationen zu uns und unseren Themen bekommst du nicht nur hier auf unserer Homepage, sondern auch in den sozialen Medien. Auf Facebook, Instagram, Twitter und Youtube teilen wir regelmäßig Beiträge zu unterschiedlichen Themen. Erfahre hier mehr.</p>
<p><span class="button"><a href="https://gruene-bremen.de/gruene-bremen-auf-social-media/">Mehr Infos</a></span></p>
<hr />
<h2>Telegram-Messenger-Dienst</h2>
<p>Das Team der Grünen Landesgeschäftsstelle möchte die GRÜNE Community (Mitglieder und Interessierte) per Telegram-Newsletter über aktuelle grüne Themen, Aktionen, Kampagnen und Termine informieren. Wir Sie dem Telegram-Kanal beitreten können, erfahren Sie hier.</p>
<p><span class="button"><a href="https://gruene-bremen.de/partei/telegram-channel/">Zur Anmeldung</a></span></p>
<hr />
<p>&nbsp;</p>

<p>Hier sind die Serviceangebote der Landesgeschäftsstelle für Pressevertreter*innen, Grüne Mitglieder und Interessierte. Neben Kontaktinformationen finden Sie hier auch die Satzungen, Formulare sowie das Bremer Wahlprogramm. Kontakt Kontakte zur Geschäftsleitung, Pressestelle und Arbeitsgemeinschaften: Ein engagiertes Team, das den Landesverband BÜNDNIS 90/DIE GRÜNEN Bremen organisiert. Adressen und Kontakte Presse Redakteur*innen und Journalist*innen finden hier u.a. Pressemitteilungen. Außerdem&#8230;</p>
