{"id":14850,"date":"2024-01-17T17:09:52","date_gmt":"2024-01-17T16:09:52","guid":{"rendered":"https:\/\/gruene-bremen.de\/?page_id=14850"},"modified":"2024-01-18T10:04:46","modified_gmt":"2024-01-18T09:04:46","slug":"gruene-buergerinnen-sprechstunde","status":"publish","type":"page","link":"https:\/\/wordpress44.gcms.verdigado.net\/alteseite\/partei\/gruene-buergerinnen-sprechstunde\/","title":{"rendered":"Gr\u00fcne B\u00fcrger*innen-Sprechstunde"},"content":{"rendered":"<p>Kommt mit uns ins Gespr\u00e4ch! Der Landesverband Bremen bietet eine w\u00f6chentliche B\u00fcrger*innen-Sprechstunde mit Mitgliedern des <strong>Landesvorstands<\/strong> an. Offen f\u00fcr alle, Gr\u00fcne oder Nichtmitglieder, ohne Anmeldung.<\/p>\n<p><strong>Wann? <\/strong>Jeden Donnerstag, je 16-18 Uhr<br \/>\n<strong>Wo?<\/strong> Gr\u00fcne Landesgesch\u00e4ftsstelle, Altenwall 25<br \/>\n28195 Bremen<\/p>\n<p>[wpcalendar kat=&#8220;sprechstunde&#8220;]<\/p>\n","protected":false},"excerpt":{"rendered":"<p>Kommt mit uns ins Gespr\u00e4ch! Der Landesverband Bremen bietet eine w\u00f6chentliche B\u00fcrger*innen-Sprechstunde mit Mitgliedern des Landesvorstands an. Offen f\u00fcr alle, Gr\u00fcne oder Nichtmitglieder, ohne Anmeldung. Wann? Jeden Donnerstag, je 16-18 Uhr Wo? Gr\u00fcne Landesgesch\u00e4ftsstelle, Altenwall 25 28195 Bremen [wpcalendar kat=&#8220;sprechstunde&#8220;]<\/p>\n","protected":false},"author":426,"featured_media":14860,"parent":71,"menu_order":0,"comment_status":"closed","ping_status":"closed","template":"","meta":{"footnotes":""},"class_list":["post-14850","page","type-page","status-publish","has-post-thumbnail","hentry"],"_links":{"self":[{"href":"https:\/\/wordpress44.gcms.verdigado.net\/alteseite\/wp-json\/wp\/v2\/pages\/14850","targetHints":{"allow":["GET"]}}],"collection":[{"href":"https:\/\/wordpress44.gcms.verdigado.net\/alteseite\/wp-json\/wp\/v2\/pages"}],"about":[{"href":"https:\/\/wordpress44.gcms.verdigado.net\/alteseite\/wp-json\/wp\/v2\/types\/page"}],"author":[{"embeddable":true,"href":"https:\/\/wordpress44.gcms.verdigado.net\/alteseite\/wp-json\/wp\/v2\/users\/426"}],"replies":[{"embeddable":true,"href":"https:\/\/wordpress44.gcms.verdigado.net\/alteseite\/wp-json\/wp\/v2\/comments?post=14850"}],"version-history":[{"count":2,"href":"https:\/\/wordpress44.gcms.verdigado.net\/alteseite\/wp-json\/wp\/v2\/pages\/14850\/revisions"}],"predecessor-version":[{"id":14868,"href":"https:\/\/wordpress44.gcms.verdigado.net\/alteseite\/wp-json\/wp\/v2\/pages\/14850\/revisions\/14868"}],"up":[{"embeddable":true,"href":"https:\/\/wordpress44.gcms.verdigado.net\/alteseite\/wp-json\/wp\/v2\/pages\/71"}],"wp:featuredmedia":[{"embeddable":true,"href":"https:\/\/wordpress44.gcms.verdigado.net\/alteseite\/wp-json\/wp\/v2\/media\/14860"}],"wp:attachment":[{"href":"https:\/\/wordpress44.gcms.verdigado.net\/alteseite\/wp-json\/wp\/v2\/media?parent=14850"}],"curies":[{"name":"wp","href":"https:\/\/api.w.org\/{rel}","templated":true}]}}

Grüne Bürger*innen-Sprechstunde

<p>Kommt mit uns ins Gespräch! Der Landesverband Bremen bietet eine wöchentliche Bürger*innen-Sprechstunde mit Mitgliedern des <strong>Landesvorstands</strong> an. Offen für alle, Grüne oder Nichtmitglieder, ohne Anmeldung.</p>
<p><strong>Wann? </strong>Jeden Donnerstag, je 16-18 Uhr<br />
<strong>Wo?</strong> Grüne Landesgeschäftsstelle, Altenwall 25<br />
28195 Bremen</p>
<p>[wpcalendar kat=&#8220;sprechstunde&#8220;]</p>

<p>Kommt mit uns ins Gespräch! Der Landesverband Bremen bietet eine wöchentliche Bürger*innen-Sprechstunde mit Mitgliedern des Landesvorstands an. Offen für alle, Grüne oder Nichtmitglieder, ohne Anmeldung. Wann? Jeden Donnerstag, je 16-18 Uhr Wo? Grüne Landesgeschäftsstelle, Altenwall 25 28195 Bremen [wpcalendar kat=&#8220;sprechstunde&#8220;]</p>
